3661.
29, 74609
List the prime factors of 124425.
3, 5, 7, 79
List the prime factors of 9161208.
2, 3, 7, 73, 83
List the prime factors of 2301694.
2, 1150847
What are the prime factors of 1346095?
5, 269219
What are the prime factors of 1948524?
2, 3, 71, 2287
List the prime factors of 93223.
13, 71, 101
What are the prime factors of 3621365?
5, 11, 65843
What are the prime factors of 1463338?
2, 89, 8221
List the prime factors of 2360519.
7, 337217
What are the prime factors of 649943?
7, 92849
List the prime factors of 700616.
2, 7, 12511
List the prime factors of 249792.
2, 3, 1301
List the prime factors of 473145.
3, 5, 31543
List the prime factors of 92843.
227, 409
List the prime factors of 93563.
93563
What are the prime factors of 500744?
2, 53, 1181
List the prime factors of 6320905.
5, 1087, 1163
What are the prime factors of 1930381?
19, 101599
What are the prime factors of 331759?
19, 919
List the prime factors of 536498.
2, 23, 107, 109
List the prime factors of 81093.
3, 27031
What are the prime factors of 5101337?
1063, 4799
What are the prime factors of 1272311?
149, 8539
What are the prime factors of 4036495?
5, 807299
List the prime factors of 21590801.
179, 120619
List the prime factors of 798870.
2, 3, 5, 31, 859
What are the prime factors of 7947428?
2, 349, 5693
What are the prime factors of 1779844?
2, 11, 19, 2129
List the prime factors of 501794.
2, 37, 6781
List the prime factors of 2847936.
2, 3, 7, 13, 163
List the prime factors of 14748.
2, 3, 1229
What are the prime factors of 13658086?
2, 13, 541, 971
List the prime factors of 784270.
2, 5, 78427
List the prime factors of 408497.
408497
List the prime factors of 2739691.
23, 5179
List the prime factors of 131187.
3, 7, 6247
List the prime factors of 12286365.
3, 5, 7, 13, 9001
List the prime factors of 8775431.
7, 163, 7691
List the prime factors of 468847.
139, 3373
What are the prime factors of 163237?
239, 683
What are the prime factors of 20573646?
2, 3, 31, 53, 2087
What are the prime factors of 10892717?
11, 43, 23029
What are the prime factors of 2179592?
2, 272449
List the prime factors of 258666.
2, 3, 19, 2269
List the prime factors of 1294810.
2, 5, 11, 79, 149
List the prime factors of 1638850.
2, 5, 73, 449
List the prime factors of 399069.
3, 11, 29, 139
What are the prime factors of 256103?
47, 5449
What are the prime factors of 214416?
2, 3, 1489
What are the prime factors of 4582?
2, 29, 79
What are the prime factors of 10195116?
2, 3, 849593
What are the prime factors of 7693917?
3, 7, 11, 19, 1753
What are the prime factors of 1857679?
1857679
List the prime factors of 49651.
7, 41, 173
List the prime factors of 7556.
2, 1889
What are the prime factors of 6737783?
13, 518291
What are the prime factors of 2282585?
5, 456517
What are the prime factors of 1643754?
2, 3, 7, 5591
What are the prime factors of 959046?
2, 3, 11, 1321
What are the prime factors of 168554?
2, 71, 1187
What are the prime factors of 2602072?
2, 11, 29569
What are the prime factors of 776917?
17, 23, 1987
What are the prime factors of 1477306?
2, 293, 2521
What are the prime factors of 114741?
3, 11, 19, 61
List the prime factors of 3572713.
29, 349, 353
What are the prime factors of 185871?
3, 7, 53, 167
What are the prime factors of 1677146?
2, 41, 113, 181
List the prime factors of 636388.
2, 159097
What are the prime factors of 73032?
2, 3, 17, 179
What are the prime factors of 918664?
2, 114833
List the prime factors of 566362.
2, 283181
List the prime factors of 255325.
5, 7, 1459
What are the prime factors of 321389?
557, 577
List the prime factors of 3835928.
2, 53, 83, 109
List the prime factors of 66158.
2, 19, 1741
What are the prime factors of 259391?
11, 23581
What are the prime factors of 228004?
2, 7, 17, 479
What are the prime factors of 4347527?
103, 42209
What are the prime factors of 261301?
261301
What are the prime factors of 296732?
2, 31, 2393
What are the prime factors of 61135?
5, 12227
What are the prime factors of 1706434?
2, 853217
List the prime factors of 17981790.
2, 3, 5, 19, 31547
List the prime factors of 20334.
2, 3, 3389
What are the prime factors of 4274269?
919, 4651
List the prime factors of 3174762.
2, 3, 529127
What are the prime factors of 5785073?
7, 487, 1697
What are the prime factors of 4259013?
3, 11, 129061
List the prime factors of 2633621.
43, 73, 839
What are the prime factors of 126776?
2, 13, 23, 53
What are the prime factors of 152759?
173, 883
What are the prime factors of 10005460?
2, 5, 23, 21751
What are the prime factors of 830771?
71, 11701
List the prime factors of 9159935.
5, 1831987
What are the prime factors of 794838?
2, 3, 11, 12043
List the prime factors of 25735243.
25735243
What are the prime factors of 660028?
2, 157, 1051
What are the prime factors of 606931?
13, 46687
What are the prime factors of 104143?
13, 8011
What are the prime factors of 3770916?
2, 3, 314243
What are the prime factors of 32928496?
2, 2058031
What are the prime factors of 8274249?
3, 829, 1109
What are the prime factors of 362949?
3, 337, 359
What are the prime factors of 2215493?
7, 316499
What are the prime factors of 1182235?
5, 41, 73, 79
What are the prime factors of 27668?
2, 6917
List the prime factors of 25505429.
19, 101, 13291
What are the prime factors of 90954?
2, 3, 31, 163
List the prime factors of 52669.
31, 1699
List the prime factors of 462869.
11, 29, 1451
List the prime factors of 217610.
2, 5, 47, 463
List the prime factors of 170363.
170363
List the prime factors of 1678306.
2, 7, 313, 383
List the prime factors of 12194042.
2, 7, 124429
List the prime factors of 216283.
313, 691
List the prime factors of 234217.
234217
What are the prime factors of 127380?
2, 3, 5, 11, 193
List the prime factors of 1652724.
2, 3, 5101
List the prime factors of 79191.
3, 7, 419
What are the prime factors of 28105685?
5, 31, 179, 1013
List the prime factors of 380297.
89, 4273
What are the prime factors of 14855204?
2, 7, 13, 37, 1103
What are the prime factors of 3990381?
3, 109, 12203
What are the prime factors of 53051?
53051
List the prime factors of 1944328.
2, 23, 10567
What are the prime factors of 15779693?
991, 15923
What are the prime factors of 11966091?
3, 181, 22037
List the prime factors of 1699132.
2, 19, 79, 283
What are the prime factors of 18547630?
2, 5, 1854763
What are the prime factors of 438844?
2, 7, 2239
What are the prime factors of 518698?
2, 223, 1163
What are the prime factors of 34922861?
34922861
What are the prime factors of 2225597?
11, 202327
List the prime factors of 392523.
3, 130841
List the prime factors of 1565702.
2, 23, 101, 337
What are the prime factors of 356823?
3, 41, 967
List the prime factors of 207730.
2, 5, 20773
List the prime factors of 34740128.
2, 419, 2591
List the prime factors of 462741.
3, 154247
List the prime factors of 2291059.
131, 17489
List the prime factors of 141831.
3, 17, 103
What are the prime factors of 125347?
163, 769
What are the prime factors of 1789963?
7, 255709
List the prime factors of 20737487.
20737487
What are the prime factors of 378248?
2, 13, 3637
List the prime factors of 332999.
53, 61, 103
List the prime factors of 11656789.
11656789
List the prime factors of 3411710.
2, 5, 341171
What are the prime factors of 6779880?
2, 3, 5, 37, 509
List the prime factors of 873560.
2, 5, 21839
List the prime factors of 6458640.
2, 3, 5, 17, 1583
What are the prime factors of 3693180?
2, 3, 5, 61553
What are the prime factors of 9122695?
5, 1824539
List the prime factors of 942315.
3, 5, 11, 5711
List the prime factors of 2296566.
2, 3, 71, 599
What are the prime factors of 39680?
2, 5, 31
What are the prime factors of 649008?
2, 3, 4507
List the prime factors of 1721065.
5, 344213
What are the prime factors of 175420?
2, 5, 7, 179
List the prime factors of 1623137.
1623137
What are the prime factors of 6556186?
2, 7, 13, 17, 163
What are the prime factors of 4230805?
5, 846161
List the prime factors of 805279.
805279
What are the prime factors of 3183450?
2, 3, 5, 19, 1117
List the prime factors of 3027325.
5, 7, 17299
What are the prime factors of 2826026?
2, 7, 28837
What are the prime factors of 21765?
3, 5, 1451
List the prime factors of 168879